.
691, 1511647
List the prime factors of 141489351.
3, 17, 139, 6653
List the prime factors of 1630682266.
2, 16993, 47981
What are the prime factors of 70441748?
2, 13, 1354649
What are the prime factors of 79641231?
3, 26547077
What are the prime factors of 2675889074?
2, 61, 21933517
What are the prime factors of 2649397803?
3, 13, 719, 94483
What are the prime factors of 22428520?
2, 5, 73, 7681
What are the prime factors of 8179808?
2, 7, 13, 53
List the prime factors of 195512617.
1069, 182893
What are the prime factors of 7183739105?
5, 73, 19681477
What are the prime factors of 1316682506?
2, 658341253
What are the prime factors of 299866248?
2, 3, 11, 378619
What are the prime factors of 40446309?
3, 13482103
What are the prime factors of 13940048?
2, 59, 14767
List the prime factors of 2665776025.
5, 11, 31, 312701
List the prime factors of 328914514.
2, 164457257
List the prime factors of 4808829767.
7, 2927, 33529
List the prime factors of 12829301.
12829301
List the prime factors of 977950560.
2, 3, 5, 191, 10667
List the prime factors of 5044105993.
37, 136327189
List the prime factors of 34601191.
34601191
What are the prime factors of 218173968?
2, 3, 797, 1901
List the prime factors of 359609353.
359609353
List the prime factors of 77079838.
2, 11, 3503629
List the prime factors of 703081231.
22573, 31147
List the prime factors of 4376655458.
2, 7, 79, 127, 31159
What are the prime factors of 707593346?
2, 17, 20811569
List the prime factors of 30168028.
2, 11, 685637
What are the prime factors of 93498149?
37, 89, 28393
What are the prime factors of 113620636?
2, 37, 767707
What are the prime factors of 806726125?
5, 6453809
What are the prime factors of 4608864074?
2, 263, 8762099
What are the prime factors of 11434829?
7, 17, 307, 313
List the prime factors of 43833076.
2, 7, 19, 82393
List the prime factors of 37121226.
2, 3, 6186871
List the prime factors of 4086969162.
2, 3, 37, 3167, 5813
List the prime factors of 6026206394.
2, 13, 557, 32009
What are the prime factors of 1540665774?
2, 3, 29, 41, 71987
What are the prime factors of 3455241325?
5, 107, 1051, 1229
What are the prime factors of 9894281?
37, 267413
What are the prime factors of 71765937?
3, 1993, 4001
List the prime factors of 686684899.
47, 353, 41389
List the prime factors of 35483748.
2, 3, 2956979
List the prime factors of 25488893.
37, 688889
List the prime factors of 148154927.
4289, 34543
What are the prime factors of 51437800?
2, 5, 257189
List the prime factors of 8729492.
2, 211, 10343
What are the prime factors of 98829884?
2, 1381, 17891
List the prime factors of 50588129.
53, 971, 983
What are the prime factors of 180802511?
613, 294947
What are the prime factors of 15698226?
2, 3, 2616371
What are the prime factors of 168064878?
2, 3, 37, 131, 5779
What are the prime factors of 126251115?
3, 5, 67, 269, 467
What are the prime factors of 232524830?
2, 5, 1091, 21313
List the prime factors of 3668406081.
3, 17, 71929531
List the prime factors of 143387114.
2, 13, 181, 30469
List the prime factors of 1861551006.
2, 3, 7, 29, 193, 7919
List the prime factors of 169314602.
2, 84657301
List the prime factors of 175518700.
2, 5, 7, 250741
List the prime factors of 101081480.
2, 5, 2527037
What are the prime factors of 88726296?
2, 3, 37, 41, 2437
List the prime factors of 1722711580.
2, 5, 43, 2003153
What are the prime factors of 4553568198?
2, 3, 23, 59, 62141
What are the prime factors of 204370656?
2, 3, 7, 29, 10487
List the prime factors of 1045030507.
23, 83, 23801
List the prime factors of 219652610.
2, 5, 251, 87511
List the prime factors of 177399113.
887, 199999
What are the prime factors of 22612270?
2, 5, 2261227
List the prime factors of 6891788.
2, 521, 3307
List the prime factors of 2202514126.
2, 149, 7390987
What are the prime factors of 3789391114?
2, 1894695557
List the prime factors of 2186492024.
2, 641, 426383
What are the prime factors of 6656541?
3, 191, 11617
What are the prime factors of 81803075?
5, 19, 172217
What are the prime factors of 277212484?
2, 2053, 33757
What are the prime factors of 37932446?
2, 18966223
What are the prime factors of 211244861?
211244861
List the prime factors of 33617578.
2, 31, 542219
List the prime factors of 14434088.
2, 17, 211, 503
List the prime factors of 171710039.
171710039
List the prime factors of 381324202.
2, 7, 67, 223, 1823
List the prime factors of 1109023650.
2, 3, 5, 7, 39119
List the prime factors of 47174902.
2, 23587451
What are the prime factors of 2282285846?
2, 269, 4242167
What are the prime factors of 59048689?
7, 8435527
List the prime factors of 39068693.
19, 2056247
What are the prime factors of 344216262?
2, 3, 13, 4413029
What are the prime factors of 406512329?
353, 1151593
List the prime factors of 19755452.
2, 547, 9029
What are the prime factors of 19095471?
3, 17, 137, 911
What are the prime factors of 63155234?
2, 977, 32321
List the prime factors of 449793075.
3, 5, 523, 11467
List the prime factors of 172327716.
2, 3, 11, 13187
What are the prime factors of 31223827?
31223827
List the prime factors of 3127352.
2, 223, 1753
List the prime factors of 150799761.
3, 7, 2393647
List the prime factors of 2758981885.
5, 11, 1493, 33599
What are the prime factors of 3050202265?
5, 11, 151, 367273
List the prime factors of 198574086.
2, 3, 43, 313, 2459
What are the prime factors of 542971363?
11, 43, 1147931
List the prime factors of 81828422.
2, 13, 461, 6827
What are the prime factors of 9759607?
11, 13, 139, 491
What are the prime factors of 351695481?
3, 117231827
List the prime factors of 113402065.
5, 7, 197, 16447
List the prime factors of 2148970.
2, 5, 17, 12641
List the prime factors of 473177047.
7, 67596721
What are the prime factors of 461789519?
41, 59, 190901
What are the prime factors of 2531214237?
3, 8563, 98533
What are the prime factors of 48285818?
2, 7, 43, 80209
What are the prime factors of 49849805?
5, 211, 47251
List the prime factors of 4132547945.
5, 37, 827, 27011
What are the prime factors of 4315284879?
3, 17, 67, 1262887
List the prime factors of 144915134.
2, 7, 13, 23, 2663
List the prime factors of 63893595.
3, 5, 431, 9883
List the prime factors of 14503691.
31, 67, 6983
List the prime factors of 18344591.
31, 61, 89, 109
List the prime factors of 6664823373.
3, 13, 170892907
List the prime factors of 239599339.
7, 34228477
What are the prime factors of 1946595119?
7, 101, 393331
List the prime factors of 346425913.
293, 1182341
What are the prime factors of 2401734930?
2, 3, 5, 7, 67, 211, 809
What are the prime factors of 355026986?
2, 3457, 51349
List the prime factors of 794005793.
7, 23, 43, 114691
What are the prime factors of 37812575?
5, 23, 65761
What are the prime factors of 208654445?
5, 71, 257, 2287
List the prime factors of 69107478.
2, 3, 11, 131, 7993
What are the prime factors of 37902530?
2, 5, 19, 199487
List the prime factors of 1159591296.
2, 3, 3019769
What are the prime factors of 1024041427?
17, 60237731
What are the prime factors of 1967610058?
2, 983805029
List the prime factors of 118493783.
6701, 17683
What are the prime factors of 19935163?
193, 103291
List the prime factors of 88723249.
1459, 60811
What are the prime factors of 558428819?
13, 42956063
List the prime factors of 1494961967.
41, 36462487
List the prime factors of 120182343.
3, 40060781
What are the prime factors of 1278252855?
3, 5, 11, 2582329
What are the prime factors of 46769419?
23, 88411
What are the prime factors of 662777005?
5, 11, 1801, 6691
What are the prime factors of 1894843840?
2, 5, 643, 9209
What are the prime factors of 4508152?
2, 11, 51229
What are the prime factors of 4487388675?
3, 5, 7, 11, 37, 21001
List the prime factors of 5050922836.
2, 17, 19, 37, 67, 83
What are the prime factors of 367213681?
547, 671323
List the prime factors of 10511668.
2, 293, 8969
What are the prime factors of 5081382429?
3, 1693794143
What are the prime factors of 676374205?
5, 13, 163, 63839
What are the prime factors of 138767632?
2, 181, 47917
List the prime factors of 37222454.
2, 607, 30661
List the prime factors of 441935266.
2, 47, 1321, 3559
List the prime factors of 3558246899.
151, 197, 119617
List the prime factors